{"id":3758,"date":"2023-05-11T11:22:51","date_gmt":"2023-05-11T14:22:51","guid":{"rendered":"https:\/\/bikinismayoristabyjackie.com\/index.php\/loyalty-and-rewards\/"},"modified":"2023-07-22T00:22:53","modified_gmt":"2023-07-22T03:22:53","slug":"loyalty-and-rewards","status":"publish","type":"page","link":"https:\/\/bikinismayoristabyjackie.com\/index.php\/loyalty-and-rewards\/","title":{"rendered":"Puntos y Recompensas"},"content":{"rendered":"\t\t<div data-elementor-type=\"wp-page\" data-elementor-id=\"3758\" class=\"elementor elementor-3758\" data-elementor-post-type=\"page\">\n\t\t\t\t\t\t<section class=\"elementor-section elementor-top-section elementor-element elementor-element-50d8452b elementor-section-boxed elementor-section-height-default elementor-section-height-default\" data-id=\"50d8452b\" data-element_type=\"section\">\n\t\t\t\t\t\t<div class=\"elementor-container elementor-column-gap-default\">\n\t\t\t\t\t<div class=\"elementor-column elementor-col-100 elementor-top-column elementor-element elementor-element-22e47219\" data-id=\"22e47219\" data-element_type=\"column\">\n\t\t\t<div class=\"elementor-widget-wrap elementor-element-populated\">\n\t\t\t\t\t\t<div class=\"elementor-element elementor-element-2d19dd93 elementor-widget__width-initial elementor-widget elementor-widget-text-editor\" data-id=\"2d19dd93\" data-element_type=\"widget\" data-widget_type=\"text-editor.default\">\n\t\t\t\t<div class=\"elementor-widget-container\">\n\t\t\t<style>\/*! elementor - v3.20.0 - 10-04-2024 *\/\n.elementor-widget-text-editor.elementor-drop-cap-view-stacked .elementor-drop-cap{background-color:#69727d;color:#fff}.elementor-widget-text-editor.elementor-drop-cap-view-framed .elementor-drop-cap{color:#69727d;border:3px solid;background-color:transparent}.elementor-widget-text-editor:not(.elementor-drop-cap-view-default) .elementor-drop-cap{margin-top:8px}.elementor-widget-text-editor:not(.elementor-drop-cap-view-default) .elementor-drop-cap-letter{width:1em;height:1em}.elementor-widget-text-editor .elementor-drop-cap{float:left;text-align:center;line-height:1;font-size:50px}.elementor-widget-text-editor .elementor-drop-cap-letter{display:inline-block}<\/style>\t\t\t\t<p><!-- wp:paragraph --><\/p>\n<p><!-- \/wp:paragraph --><\/p>\n<p><!-- wp:paragraph --><\/p>\n<p><strong>Te presentamos el programa de puntos BYJACKIE. Es muy simple, ya ganas tus primeros puntos canjeables al registrar tu cuentea, al igual que con cada $ invertido, acumulas puntos autom\u00e1ticamente.<\/strong><\/p>\n<p><!-- \/wp:paragraph --><\/p>\n<p><!-- wp:paragraph --><\/p>\n<p>Si nunca te registraste, hacelo aqu\u00ed: <a href=\"https:\/\/bikinismayoristabyjackie.com\/index.php\/my-account\/\">REGISTRA TU CUENTA Y GANA TUS PRIMEROS PUNTOS YA.<\/a><\/p>\n<p><!-- \/wp:paragraph --><\/p>\n<p><!-- wp:paragraph --><\/p>\n<p>Con tus puntos vas a poder canjear un regalo, que puede ser enviado en tu pedido actual o en tu pr\u00f3ximo pedido, o cuando vos quieras, pero en ese caso pagando el envio.<\/p>\n<p><!-- \/wp:paragraph --><\/p>\n<p><!-- wp:paragraph --><\/p>\n<p><strong>Queremos regalarte productos BYJACKIE para que puedas ofrecer a tus clientes.<\/strong><\/p>\n<p><!-- \/wp:paragraph --><\/p>\n<p><!-- wp:paragraph --><\/p>\n<p>El programa seguir\u00e1 crecimiento, vas a poder acumular puntos de muchas formas, y vas poder canjear por m\u00e1s regalos y descuentos.<\/p>\n<p><!-- \/wp:paragraph --><\/p>\n<p><!-- wp:paragraph --><\/p>\n<p><!-- \/wp:paragraph --><\/p>\n<p><!-- wp:paragraph --><\/p>\n<p>Encontr\u00e1 a continuaci\u00f3n la informaci\u00f3n correspondiente y como activar tus puntos.<\/p>\n<p><!-- \/wp:paragraph --><\/p>\n<p><!-- wp:paragraph --><\/p>\n<p><!-- \/wp:paragraph --><\/p>\n<p><!-- wp:paragraph --><\/p>\n<p><strong>IMPORTANTE: SIEMPRE REG\u00cdSTRATE EN TU CUENTA PARA REALIZAR UN PEDIDO, DE ESTA MANERA EL SISTEMA CONTABILIZA TUS NUEVOS PUNTOS ADQUIRIDOS.<\/strong><\/p>\n<p><!-- \/wp:paragraph --><\/p>\n<h2>Tus puntos obtenidos<\/h2>\n<p><!-- wp:shortcode --><br>[wr_points_balance layout=&#8221;grid&#8221; element=&#8221;tile&#8221;]<\/p>\n<p><b>HACIENDO CLICK EN EL BOTON UNLOCK JUNTO A CADA RECOMPENSA QUE VES AQUI \u2b07\ufe0e PODES CANJEAR TU REGALO, TE LLEGA UN MAIL CON LA CONFIRMACI\u00d3N DE TU CANJE<\/b><br><!-- \/wp:shortcode --><\/p>\n<h2>Recompensas disponibles<\/h2>\n<p><!-- wp:shortcode --><br>[wr_available_rewards layout=&#8221;vertical&#8221; element=&#8221;line&#8221; applyreward=&#8221;true&#8221;]<br><!-- \/wp:shortcode --><\/p>\n<h2>C\u00f3mo ganar puntos?<\/h2>\n<p><!-- wp:shortcode --><br>[wr_earn_points layout=&#8221;grid&#8221; element=&#8221;tile&#8221;]<br><!-- \/wp:shortcode --><\/p>\n<h2>Recompensas que puedas ganar<\/h2>\n<p><!-- wp:shortcode --><br>[wr_rewards layout=&#8221;grid&#8221; element=&#8221;tile&#8221;]<br><!-- \/wp:shortcode --><\/p>\n<p><!-- wp:spacer {\"height\":\"38px\"} --><\/p>\n<div class=\"wp-block-spacer\" style=\"height: 38px;\" aria-hidden=\"true\">&nbsp;<\/div>\n<p><!-- \/wp:spacer --><\/p>\n<p><!-- wp:heading --><\/p>\n<h2 class=\"wp-block-heading\">Tu historial de puntos<\/h2>\n<p><!-- \/wp:heading --><\/p>\n<p><!-- wp:shortcode --><br>[wr_show_history columns=date,descr,points]<br><!-- \/wp:shortcode --><\/p>\n<p><!-- wp:shortcode --><br>[wr_order_points_preview layout=&#8221;grid&#8221;]<br><!-- \/wp:shortcode --><\/p>\t\t\t\t\t\t<\/div>\n\t\t\t\t<\/div>\n\t\t\t\t\t<\/div>\n\t\t<\/div>\n\t\t\t\t\t<\/div>\n\t\t<\/section>\n\t\t\t\t<\/div>\n\t\t","protected":false},"excerpt":{"rendered":"<p>Te presentamos el programa de puntos BYJACKIE. Es muy simple, ya ganas tus primeros puntos canjeables al registrar tu cuentea, al igual que con cada $ invertido, acumulas puntos autom\u00e1ticamente. Si nunca te registraste, hacelo aqu\u00ed: REGISTRA TU CUENTA Y GANA TUS PRIMEROS PUNTOS YA. Con tus puntos vas a poder canjear un regalo, que [&hellip;]<\/p>\n","protected":false},"author":1,"featured_media":0,"parent":0,"menu_order":0,"comment_status":"closed","ping_status":"closed","template":"","meta":{"footnotes":""},"class_list":["post-3758","page","type-page","status-publish","hentry"],"_links":{"self":[{"href":"https:\/\/bikinismayoristabyjackie.com\/index.php\/wp-json\/wp\/v2\/pages\/3758","targetHints":{"allow":["GET"]}}],"collection":[{"href":"https:\/\/bikinismayoristabyjackie.com\/index.php\/wp-json\/wp\/v2\/pages"}],"about":[{"href":"https:\/\/bikinismayoristabyjackie.com\/index.php\/wp-json\/wp\/v2\/types\/page"}],"author":[{"embeddable":true,"href":"https:\/\/bikinismayoristabyjackie.com\/index.php\/wp-json\/wp\/v2\/users\/1"}],"replies":[{"embeddable":true,"href":"https:\/\/bikinismayoristabyjackie.com\/index.php\/wp-json\/wp\/v2\/comments?post=3758"}],"version-history":[{"count":26,"href":"https:\/\/bikinismayoristabyjackie.com\/index.php\/wp-json\/wp\/v2\/pages\/3758\/revisions"}],"predecessor-version":[{"id":4477,"href":"https:\/\/bikinismayoristabyjackie.com\/index.php\/wp-json\/wp\/v2\/pages\/3758\/revisions\/4477"}],"wp:attachment":[{"href":"https:\/\/bikinismayoristabyjackie.com\/index.php\/wp-json\/wp\/v2\/media?parent=3758"}],"curies":[{"name":"wp","href":"https:\/\/api.w.org\/{rel}","templated":true}]}}